e highest common factor of z and 39?
13
Suppose 0 = -5*n - 5, -6*i + 3*n - 525 = -8*i. Let r = i - 259. Suppose -70 = s - 3*s. Calculate the greatest common divisor of r and s.
5
Let l be (-4)/(-6)*6/(-4). Let p be (-5)/(l/(-1)) - -3. Let y be (4*-1)/(-4) + (p - -20). What is the greatest common divisor of y and 19?
19
Let g = 161 + -129. Let q = 628 - 356. Calculate the greatest common factor of g and q.
16
Suppose -12*d - 41*d = -1060. Calculate the highest common factor of 11780 and d.
20
Suppose -5*a - 3*q + 3015 = 0, 70*a - 2*q - 2990 = 65*a. What is the highest common divisor of 250 and a?
50
Let k(q) = 2*q**2 + 38*q - 81. Let x be k(20). What is the greatest common factor of x and 174?
87
Let j be ((-82)/(-6))/(3/72*4). Calculate the highest common divisor of j and 1107.
41
Let o = -26948 + 27274. What is the highest common divisor of 16 and o?
2
Let l be 30/(-285) + (-173)/(-19) + 17. Calculate the greatest common factor of 1456 and l.
26
Let u(q) = -7*q - 8. Suppose 5*w - 6*w + 4 = 0. Suppose -5*y - v = 16, w*y - y + 4 = -2*v. Let p be u(y). Calculate the highest common divisor of p and 60.
20
Suppose 112*o = 106*o + 2196. Suppose 330 = -9*h + o. Suppose -5*j - 2 = -22. What is the greatest common factor of h and j?
4
Suppose 24*x + 16 = 2272. Let z be 30/4*x/141. What is the highest common divisor of z and 95?
5
Let z = -4849 - -4989. What is the highest common factor of 350 and z?
70
Let h = 204 + -184. Suppose -h*z + 22*z = 210. Calculate the highest common divisor of z and 30.
15
Let r be 14/(-126)*-19433 - 2/9. Let a = -683 + r. What is the highest common factor of 18 and a?
18
Let q(i) = -26*i + 788. Let f be q(-59). What is the greatest common divisor of f and 6?
6
Let b(u) = 3*u**2 - 3*u - 3. Let x be b(2). Suppose 0 = -2*a + 5*d + 11 + 32, -2*d = x*a - 17. Calculate the greatest common factor of 3 and a.
3
Let t = 209 + -1. Suppose 2*b - 5*u = t, 0*b - 4*u + 91 = b. Suppose 1 = -4*k - 7, -k = q - 7. Calculate the greatest common factor of b and q.
9
Suppose 3*s - l - 37 = 0, 0 = -l - 1 + 3. Suppose o + 5*f - s = 50, -4 = -f. Let j = -38 + o. What is the greatest common factor of j and 20?
5
Let b be (-1)/(((-12)/8)/(-3)) + -30. Let v be (-4)/6 - b/(-24). Let o be (-2)/(-4)*(-40)/v. What is the highest common divisor of 40 and o?
10
Suppose -p + 2 = 0, 4*p - 145 + 173 = 3*y. Calculate the greatest common factor of y and 84.
12
Suppose 3*q + 5*t = 101, 8*q + 4*t - 97 = 5*q. What is the greatest common factor of q and 26379?
27
Let u = 5 + -9. Let q be -24*((-21)/6 - (1 + u)). Let p be 19/((-931)/168)*154/(-4). Calculate the greatest common factor of p and q.
12
Let v(g) = -3829*g - 2168. Let s be v(-4). What is the greatest common factor of s and 76?
76
Suppose -9*n + 2788 = -2310 - 518. Calculate the greatest common factor of n and 1131.
39
Let d = 9 + -6. Suppose -3*y - d - 3 = 0. Let l be 33 - (0 + (2/y - 1)). What is the greatest common divisor of l and 7?
7
Let t(p) = -44*p - 12. Let u be ((-30)/12 + 3)/((-3)/6). Let s be t(u). What is the greatest common divisor of 352 and s?
32
Let z be (-2745)/(-6) + (-17 - 407/(-22)). Calculate the greatest common factor of z and 297.
27
Let f(m) = -m**3 + 20*m**2 + 15*m + 96. Let y be f(19). What is the greatest common divisor of y and 21?
7
Let b = -88 + 148. Suppose -3*a = w - 58, 3*w - 174 = 3*a - 4*a. Suppose 4*m - z - 24 = w, -m = -4*z - 28. Calculate the greatest common factor of m and b.
20
Let c(g) = -6*g**3 + 31*g + 70. Let u be c(-6). What is the highest common factor of 60 and u?
20
Let c(q) = -q**2 - 21*q - 4. Let h = -97 + 80. Let l be c(h). Let a = l - 53. Calculate the greatest common divisor of 121 and a.
11
Let l(s) = s**3 - 48*s**2 - 56*s + 367. Let o be l(49). What is the greatest common factor of 3312 and o?
24
Let a(f) = f**3 - 31*f**2 + 88*f - 102. Let j be a(28). What is the greatest common divisor of j and 6140?
10
Let h be 326 - 1/(-2)*4. Let y = -19037 + 19078. What is the greatest common divisor of y and h?
41
Let c = 23631 - 15407. What is the greatest common factor of c and 96?
32
Let x be (7 - (-68)/(-8))/((-2)/12). Let t be 60/x + (-1)/(-3). Let r be 4/(16/18)*154/33. What is the greatest common factor of r and t?
7
Let i = 4170 + -3962. Calculate the greatest common divisor of i and 91.
13
Let k be -7 - -45 - -12 - (-6 + 0). Suppose -a - 360 = 4*a. Let b = a + 114. Calculate the greatest common factor of b and k.
14
Let r(l) = l**2 - 36*l + 198. Let c be r(30). What is the greatest common factor of 486 and c?
18
Suppose -44*g + 13500 = 12*g + 19*g. Calculate the highest common divisor of 2460 and g.
60
Suppose 130 - 165 = -5*b. Let z be (-1651)/(-6) - (-1 + b/6). Suppose j + 110 = 3*j. Calculate the highest common factor of z and j.
55
Suppose -2*m = -10*m + 1216. Suppose u = i - 20, 8*u - 3*u = -4*i - 145. Let x = u + 44. What is the highest common divisor of m and x?
19
Let a(m) = -6*m**3 + 5*m**2 - 3*m - 1. Let v be a(1). Let w(r) = r**3 + 4*r**2 - r + 24. Let j be w(v). Calculate the highest common factor of 292 and j.
4
Let i be 192/(-5)*(-60)/18. Suppose 0 = -21*x + 40 + i. Calculate the greatest common factor of x and 1.
1
Let x(d) = -241*d - 1617. Let q be x(-7). What is the greatest common divisor of 518 and q?
14
Let a = -3126 + 3886. What is the highest common divisor of a and 40?
40
Suppose -19*y + 54 = -46*y. Suppose -3*f - 15 = -0. Let g be -1 - (-13 + y - (3 + f)). What is the greatest common divisor of 30 and g?
6
Suppose -2495*q + 7 = -m - 2499*q, 4*q = -2*m - 6. Let g be 1756/36 - 2/(-9). Calculate the highest common factor of g and m.
1
Suppose 59*r - 69 = 56*r + 255. Calculate the greatest common divisor of 3276 and r.
36
Let f(c) = -11*c - 7. Let m(q) = -q**3 + 2*q**2 - 2*q - 1. Let o be m(2). Let h be f(o). Let n = h + -30. Calculate the greatest common divisor of 2 and n.
2
Let n(b) = 2*b + 19. Let y be (-75)/12 + 1*(-1)/(-4). Let x be n(y). Calculate the greatest common factor of x and 168.
7
Suppose -93*g + 207*g - 280 = 58*g. Let k be 35/(-14)*(1 - 147). Calculate the greatest common factor of g and k.
5
Let t = -387 - -471. Suppose 0 = -25*c + t + 16. Calculate the highest common divisor of c and 3.
1
Let c = 512 + -488. Suppose -c*v = -277 - 35. Calculate the highest common factor of 91 and v.
13
Let p = 5547 - 5531. Calculate the highest common factor of 12944 and p.
16
Let v be (2 - (11 + -3))/(-2). Suppose -v = s - 8. Suppose -4*z = -16, 4*h - 2 - 2 = s*z. Calculate the greatest common factor of 3 and h.
3
Suppose 5*g + 0 - 135 = 0. Let x = g - 24. Suppose x*v = 46 + 26. What is the greatest common divisor of 192 and v?
24
Let l be 10/(-75) - 1446*(-14)/(-45). Let c = l + 640. Calculate the greatest common factor of 114 and c.
38
Suppose l = -2*j + 2327, 301*l - 304*l + 2*j + 6989 = 0. Calculate the highest common factor of 85 and l.
17
Suppose 81*d + 1680 = 87*d. Let p(v) = v**3 + 4*v**2 - 36*v - 12. Let c be p(-8). What is the highest common divisor of c and d?
20
Let c(y) = -21*y - 11. Let d be c(6). Let v = d - -81. Let a = 83 + v. What is the greatest common divisor of 297 and a?
27
Suppose 3*g + 5*b - 2 + 25 = 0, 0 = -2*g - 3*b - 14. Let v be 22*(g - 33/(-6)). Let m = 105 - 94. Calculate the greatest common divisor of v and m.
11
Let q = -1 - -2. Suppose 2526*a - 6 = 2522*a - k, -3 = -a - k. Calculate the highest common factor of a and q.
1
Let s be 1075/10 - (6/2)/(-6). Suppose 11 + 9 = -5*b, -b = -4*a + s. Let q = 78 - a. What is the greatest common factor of 26 and q?
26
Let x(l) = -l - 1. Let r be x(-2). Let w be 0 - (-2 + 47 + 0). Let z = w - -46. What is the highest common divisor of r and z?
1
Let y be (880/48 + -15)/((-2)/(-60)). Calculate the highest common factor of y and 500.
100
Let t = -1748 + 2125. What is the greatest common factor of t and 899?
29
Let f = -207 + 211. Let s(o) = 5*o**3 + o**2 - 5*o + 8. Let x be s(f). Calculate the highest common divisor of 12 and x.
12
Let k be -40 + 999 - (-2)/4*-10. Calculate the highest common factor of 795 and k.
159
Suppose 311 - 45 - 1841 = -63*j. Suppose -2*m + 0*m = -n - 53, 0 = 5*n + 15. Calculate the highest common factor of j and m.
25
Suppose -102 = 2*b + o + 40, -4*b + 3*o - 274 = 0. Let v be -2 - ((-7)/b + (-261)/10). Let r = 6 + -3. Calculate the g